[INFO] fetching crate sp-state-machine 0.8.0-rc6...
[INFO] checking sp-state-machine-0.8.0-rc6 against try#72f88fc4e9458f89516a0b8b0868f3718aec5b47 for pr-74989
[INFO] extracting crate sp-state-machine 0.8.0-rc6 into /workspace/builds/worker-1/source
[INFO] validating manifest of crates.io crate sp-state-machine 0.8.0-rc6 on toolchain 72f88fc4e9458f89516a0b8b0868f3718aec5b47
[INFO] running `Command { std: "/workspace/cargo-home/bin/cargo" "+72f88fc4e9458f89516a0b8b0868f3718aec5b47" "read-manifest" "--manifest-path" "Cargo.toml", kill_on_drop: false }`
[INFO] started tweaking crates.io crate sp-state-machine 0.8.0-rc6
[INFO] finished tweaking crates.io crate sp-state-machine 0.8.0-rc6
[INFO] tweaked toml for crates.io crate sp-state-machine 0.8.0-rc6 written to /workspace/builds/worker-1/source/Cargo.toml
[INFO] running `Command { std: "/workspace/cargo-home/bin/cargo" "+72f88fc4e9458f89516a0b8b0868f3718aec5b47" "generate-lockfile" "--manifest-path" "Cargo.toml" "-Zno-index-update", kill_on_drop: false }`
[INFO] running `Command { std: "/workspace/cargo-home/bin/cargo" "+72f88fc4e9458f89516a0b8b0868f3718aec5b47" "fetch" "--locked" "--manifest-path" "Cargo.toml", kill_on_drop: false }`
[INFO] running `Command { std: "docker" "create" "-v" "/var/lib/crater-agent-workspace/builds/worker-1/target:/opt/rustwide/target:rw,Z" "-v" "/var/lib/crater-agent-workspace/builds/worker-1/source:/opt/rustwide/workdir:ro,Z" "-v" "/var/lib/crater-agent-workspace/cargo-home:/opt/rustwide/cargo-home:ro,Z" "-v" "/var/lib/crater-agent-workspace/rustup-home:/opt/rustwide/rustup-home:ro,Z" "-e" "SOURCE_DIR=/opt/rustwide/workdir" "-e" "CARGO_TARGET_DIR=/opt/rustwide/target" "-e" "CARGO_HOME=/opt/rustwide/cargo-home" "-e" "RUSTUP_HOME=/opt/rustwide/rustup-home" "-w" "/opt/rustwide/workdir" "-m" "1610612736" "--user" "0:0" "--network" "none" "rustops/crates-build-env@sha256:d92eaeed33fa75130ca1ee6c8a01d1ffb62bac859dfdfb3450e3e5d1c0146529" "/opt/rustwide/cargo-home/bin/cargo" "+72f88fc4e9458f89516a0b8b0868f3718aec5b47" "metadata" "--no-deps" "--format-version=1", kill_on_drop: false }`
[INFO] [stdout] 86390ae0b5b30dca558fde1f2690d85849655a85ab4ae287472a7471796276e1
[INFO] [stderr] WARNING: Your kernel does not support swap limit capabilities or the cgroup is not mounted. Memory limited without swap.
[INFO] running `Command { std: "docker" "start" "-a" "86390ae0b5b30dca558fde1f2690d85849655a85ab4ae287472a7471796276e1", kill_on_drop: false }`
[INFO] running `Command { std: "docker" "inspect" "86390ae0b5b30dca558fde1f2690d85849655a85ab4ae287472a7471796276e1", kill_on_drop: false }`
[INFO] running `Command { std: "docker" "rm" "-f" "86390ae0b5b30dca558fde1f2690d85849655a85ab4ae287472a7471796276e1", kill_on_drop: false }`
[INFO] [stdout] 86390ae0b5b30dca558fde1f2690d85849655a85ab4ae287472a7471796276e1
[INFO] running `Command { std: "docker" "create" "-v" "/var/lib/crater-agent-workspace/builds/worker-1/target:/opt/rustwide/target:rw,Z" "-v" "/var/lib/crater-agent-workspace/builds/worker-1/source:/opt/rustwide/workdir:ro,Z" "-v" "/var/lib/crater-agent-workspace/cargo-home:/opt/rustwide/cargo-home:ro,Z" "-v" "/var/lib/crater-agent-workspace/rustup-home:/opt/rustwide/rustup-home:ro,Z" "-e" "SOURCE_DIR=/opt/rustwide/workdir" "-e" "CARGO_TARGET_DIR=/opt/rustwide/target" "-e" "CARGO_INCREMENTAL=0" "-e" "RUST_BACKTRACE=full" "-e" "RUSTFLAGS=--cap-lints=forbid" "-e" "CARGO_HOME=/opt/rustwide/cargo-home" "-e" "RUSTUP_HOME=/opt/rustwide/rustup-home" "-w" "/opt/rustwide/workdir" "-m" "1610612736" "--user" "0:0" "--network" "none" "rustops/crates-build-env@sha256:d92eaeed33fa75130ca1ee6c8a01d1ffb62bac859dfdfb3450e3e5d1c0146529" "/opt/rustwide/cargo-home/bin/cargo" "+72f88fc4e9458f89516a0b8b0868f3718aec5b47" "check" "--frozen" "--all" "--all-targets" "--message-format=json", kill_on_drop: false }`
[INFO] [stderr] WARNING: Your kernel does not support swap limit capabilities or the cgroup is not mounted. Memory limited without swap.
[INFO] [stdout] c69a36b38e68bd32d71c7e8da8d8c7b7c67d9907924c4ca71b2ed6aa348452c4
[INFO] running `Command { std: "docker" "start" "-a" "c69a36b38e68bd32d71c7e8da8d8c7b7c67d9907924c4ca71b2ed6aa348452c4", kill_on_drop: false }`
[INFO] [stderr]    Compiling syn v1.0.40
[INFO] [stderr]     Checking cfg-if v0.1.10
[INFO] [stderr]    Compiling libc v0.2.77
[INFO] [stderr]    Compiling autocfg v1.0.1
[INFO] [stderr]    Compiling getrandom v0.1.15
[INFO] [stderr]    Compiling serde v1.0.116
[INFO] [stderr]    Compiling byteorder v1.3.4
[INFO] [stderr]     Checking smallvec v1.4.2
[INFO] [stderr]    Compiling memchr v2.3.3
[INFO] [stderr]     Checking ppv-lite86 v0.2.9
[INFO] [stderr]     Checking scopeguard v1.1.0
[INFO] [stderr]    Compiling crunchy v0.2.2
[INFO] [stderr]     Checking instant v0.1.6
[INFO] [stderr]    Compiling version_check v0.9.2
[INFO] [stderr]     Checking byte-tools v0.3.1
[INFO] [stderr]     Checking rustc-hex v2.1.0
[INFO] [stderr]     Checking subtle v1.0.0
[INFO] [stderr]    Compiling log v0.4.11
[INFO] [stderr]     Checking subtle v2.3.0
[INFO] [stderr]     Checking static_assertions v1.1.0
[INFO] [stderr]     Checking lazy_static v1.4.0
[INFO] [stderr]     Checking opaque-debug v0.2.3
[INFO] [stderr]     Checking gimli v0.22.0
[INFO] [stderr]     Checking adler v0.2.3
[INFO] [stderr]     Checking fake-simd v0.1.2
[INFO] [stderr]     Checking futures-core v0.3.5
[INFO] [stderr]    Compiling failure_derive v0.1.8
[INFO] [stderr]     Checking object v0.20.0
[INFO] [stderr]     Checking ahash v0.3.8
[INFO] [stderr]    Compiling regex-syntax v0.6.18
[INFO] [stderr]     Checking futures-sink v0.3.5
[INFO] [stderr]     Checking parity-wasm v0.41.0
[INFO] [stderr]     Checking sp-std v2.0.0-rc6
[INFO] [stderr]    Compiling proc-macro-hack v0.5.18
[INFO] [stderr]     Checking rustc-demangle v0.1.16
[INFO] [stderr]     Checking stable_deref_trait v1.2.0
[INFO] [stderr]    Compiling parity-util-mem v0.7.0
[INFO] [stderr]     Checking hash-db v0.15.2
[INFO] [stderr]     Checking keccak v0.1.0
[INFO] [stderr]     Checking arrayref v0.3.6
[INFO] [stderr]     Checking slab v0.4.2
[INFO] [stderr]     Checking pin-utils v0.1.0
[INFO] [stderr]     Checking futures-io v0.3.5
[INFO] [stderr]     Checking memory_units v0.3.0
[INFO] [stderr]     Checking signature v1.2.2
[INFO] [stderr]     Checking environmental v1.1.1
[INFO] [stderr]    Compiling tiny-keccak v2.0.2
[INFO] [stderr]     Checking nodrop v0.1.14
[INFO] [stderr]     Checking tinyvec v0.3.4
[INFO] [stderr]     Checking rustc-hash v1.1.0
[INFO] [stderr]     Checking constant_time_eq v0.1.5
[INFO] [stderr]     Checking dyn-clone v1.0.2
[INFO] [stderr]     Checking hex v0.4.2
[INFO] [stderr]     Checking base58 v0.1.0
[INFO] [stderr]     Checking itertools v0.9.0
[INFO] [stderr]     Checking block-padding v0.1.5
[INFO] [stderr]     Checking lock_api v0.4.1
[INFO] [stderr]     Checking lock_api v0.3.4
[INFO] [stderr]     Checking tracing-core v0.1.16
[INFO] [stderr]     Checking thread_local v1.0.1
[INFO] [stderr]     Checking miniz_oxide v0.4.1
[INFO] [stderr]     Checking futures-channel v0.3.5
[INFO] [stderr]     Checking trie-root v0.16.0
[INFO] [stderr]    Compiling generic-array v0.14.4
[INFO] [stderr]    Compiling num-traits v0.2.12
[INFO] [stderr]    Compiling num-integer v0.1.43
[INFO] [stderr]    Compiling num-bigint v0.2.6
[INFO] [stderr]    Compiling num-rational v0.2.4
[INFO] [stderr]    Compiling hashbrown v0.8.2
[INFO] [stderr]     Checking ed25519 v1.0.2
[INFO] [stderr]     Checking unicode-normalization v0.1.13
[INFO] [stderr]     Checking arrayvec v0.4.12
[INFO] [stderr]     Checking hash256-std-hasher v0.15.2
[INFO] [stderr]     Checking digest v0.8.1
[INFO] [stderr]     Checking crypto-mac v0.7.0
[INFO] [stderr]     Checking aho-corasick v0.7.13
[INFO] [stderr]     Checking wasmi-validation v0.3.0
[INFO] [stderr]     Checking blake2-rfc v0.2.18
[INFO] [stderr]     Checking hmac v0.7.1
[INFO] [stderr]     Checking block-buffer v0.7.3
[INFO] [stderr]     Checking uint v0.8.5
[INFO] [stderr]     Checking pbkdf2 v0.3.0
[INFO] [stderr]     Checking parking_lot_core v0.8.0
[INFO] [stderr]     Checking parking_lot_core v0.7.2
[INFO] [stderr]     Checking num_cpus v1.13.0
[INFO] [stderr]     Checking digest v0.9.0
[INFO] [stderr]     Checking block-buffer v0.9.0
[INFO] [stderr]     Checking hmac-drbg v0.2.0
[INFO] [stderr]     Checking sha2 v0.8.2
[INFO] [stderr]     Checking rand_core v0.5.1
[INFO] [stderr]     Checking parking_lot v0.10.2
[INFO] [stderr]     Checking trie-db v0.22.1
[INFO] [stderr]     Checking parking_lot v0.11.0
[INFO] [stderr]     Checking sha2 v0.9.1
[INFO] [stderr]     Checking rand_chacha v0.2.2
[INFO] [stderr]     Checking rand_pcg v0.2.1
[INFO] [stderr]     Checking once_cell v1.4.1
[INFO] [stderr]     Checking rand v0.7.3
[INFO] [stderr]     Checking futures-task v0.3.5
[INFO] [stderr]     Checking regex v1.3.9
[INFO] [stderr]     Checking addr2line v0.13.0
[INFO] [stderr]     Checking backtrace v0.3.50
[INFO] [stderr]     Checking fixed-hash v0.6.1
[INFO] [stderr]     Checking twox-hash v1.5.0
[INFO] [stderr]     Checking libsecp256k1 v0.3.5
[INFO] [stderr]     Checking sp-panic-handler v2.0.0-rc6
[INFO] [stderr]    Compiling Inflector v0.11.4
[INFO] [stderr]     Checking wasmi v0.6.2
[INFO] [stderr]    Compiling synstructure v0.12.4
[INFO] [stderr]    Compiling serde_derive v1.0.116
[INFO] [stderr]    Compiling zeroize_derive v1.0.0
[INFO] [stderr]    Compiling impl-trait-for-tuples v0.1.3
[INFO] [stderr]    Compiling pin-project-internal v0.4.23
[INFO] [stderr]    Compiling ref-cast-impl v1.0.2
[INFO] [stderr]    Compiling tracing-attributes v0.1.11
[INFO] [stderr]    Compiling rental-impl v0.5.5
[INFO] [stderr]    Compiling sp-debug-derive v2.0.0-rc6
[INFO] [stderr]    Compiling futures-macro v0.3.5
[INFO] [stderr]    Compiling parity-util-mem-derive v0.1.0
[INFO] [stderr]    Compiling dyn-clonable-impl v0.9.0
[INFO] [stderr]    Compiling derive_more v0.99.10
[INFO] [stderr]     Checking dyn-clonable v0.9.0
[INFO] [stderr]     Checking failure v0.1.8
[INFO] [stderr]     Checking ref-cast v1.0.2
[INFO] [stderr]     Checking zeroize v1.1.0
[INFO] [stderr]     Checking tiny-bip39 v0.7.3
[INFO] [stderr]     Checking merlin v2.0.0
[INFO] [stderr]     Checking curve25519-dalek v2.1.0
[INFO] [stderr]     Checking curve25519-dalek v3.0.0
[INFO] [stderr]     Checking secrecy v0.6.0
[INFO] [stderr]     Checking tracing v0.1.19
[INFO] [stderr]     Checking schnorrkel v0.9.1
[INFO] [stderr]     Checking pin-project v0.4.23
[INFO] [stderr]     Checking futures-util v0.3.5
[INFO] [stderr]     Checking substrate-bip39 v0.4.2
[INFO] [stderr]     Checking futures-executor v0.3.5
[INFO] [stderr]     Checking futures v0.3.5
[INFO] [stderr]     Checking rental v0.5.5
[INFO] [stderr]     Checking sp-tracing v2.0.0-rc6
[INFO] [stderr]     Checking impl-serde v0.3.1
[INFO] [stderr]     Checking impl-serde v0.2.3
[INFO] [stderr]     Checking ed25519-dalek v1.0.0
[INFO] [stderr]    Compiling toml v0.5.6
[INFO] [stderr]    Compiling proc-macro-crate v0.1.5
[INFO] [stderr]    Compiling parity-scale-codec-derive v1.2.2
[INFO] [stderr]    Compiling sp-runtime-interface-proc-macro v2.0.0-rc6
[INFO] [stderr]     Checking parity-scale-codec v1.3.5
[INFO] [stderr]     Checking impl-codec v0.4.2
[INFO] [stderr]     Checking sp-storage v2.0.0-rc6
[INFO] [stderr]     Checking sp-wasm-interface v2.0.0-rc6
[INFO] [stderr]     Checking primitive-types v0.7.2
[INFO] [stderr]     Checking sp-externalities v0.8.0-rc6
[INFO] [stderr]     Checking sp-runtime-interface v2.0.0-rc6
[INFO] [stderr]     Checking memory-db v0.24.1
[INFO] [stderr]     Checking sp-core v2.0.0-rc6
[INFO] [stderr]     Checking sp-trie v2.0.0-rc6
[INFO] [stderr]     Checking sp-state-machine v0.8.0-rc6 (/opt/rustwide/workdir)
[INFO] [stdout] error[E0433]: failed to resolve: use of undeclared type or module `sp_runtime`
[INFO] [stdout]    --> src/in_memory_backend.rs:214:6
[INFO] [stdout]     |
[INFO] [stdout] 214 |     use sp_runtime::traits::BlakeTwo256;
[INFO] [stdout]     |         ^^^^^^^^^^ use of undeclared type or module `sp_runtime`
[INFO] [stdout] 
[INFO] [stdout] 
[INFO] [stdout] error[E0433]: failed to resolve: use of undeclared type or module `sp_runtime`
[INFO] [stdout]    --> src/changes_trie/changes_iterator.rs:384:6
[INFO] [stdout]     |
[INFO] [stdout] 384 |     use sp_runtime::traits::BlakeTwo256;
[INFO] [stdout]     |         ^^^^^^^^^^ use of undeclared type or module `sp_runtime`
[INFO] [stdout] 
[INFO] [stdout] 
[INFO] [stdout] error[E0433]: failed to resolve: use of undeclared type or module `sp_runtime`
[INFO] [stdout]    --> src/changes_trie/prune.rs:122:6
[INFO] [stdout]     |
[INFO] [stdout] 122 |     use sp_runtime::traits::BlakeTwo256;
[INFO] [stdout]     |         ^^^^^^^^^^ use of undeclared type or module `sp_runtime`
[INFO] [stdout] 
[INFO] [stdout] 
[INFO] [stdout] error[E0433]: failed to resolve: use of undeclared type or module `sp_runtime`
[INFO] [stdout]    --> src/testing.rs:247:6
[INFO] [stdout]     |
[INFO] [stdout] 247 |     use sp_runtime::traits::BlakeTwo256;
[INFO] [stdout]     |         ^^^^^^^^^^ use of undeclared type or module `sp_runtime`
[INFO] [stdout] 
[INFO] [stdout] 
[INFO] [stdout] error[E0432]: unresolved import `hex_literal`
[INFO] [stdout]    --> src/ext.rs:698:6
[INFO] [stdout]     |
[INFO] [stdout] 698 |     use hex_literal::hex;
[INFO] [stdout]     |         ^^^^^^^^^^^ use of undeclared type or module `hex_literal`
[INFO] [stdout] 
[INFO] [stdout] 
[INFO] [stdout] error[E0432]: unresolved import `hex_literal`
[INFO] [stdout]    --> src/testing.rs:248:6
[INFO] [stdout]     |
[INFO] [stdout] 248 |     use hex_literal::hex;
[INFO] [stdout]     |         ^^^^^^^^^^^ use of undeclared type or module `hex_literal`
[INFO] [stdout] 
[INFO] [stdout] 
[INFO] [stdout] error[E0432]: unresolved import `hex_literal`
[INFO] [stdout]    --> src/basic.rs:364:6
[INFO] [stdout]     |
[INFO] [stdout] 364 |     use hex_literal::hex;
[INFO] [stdout]     |         ^^^^^^^^^^^ use of undeclared type or module `hex_literal`
[INFO] [stdout] 
[INFO] [stdout] 
[INFO] [stdout] error[E0432]: unresolved import `pretty_assertions`
[INFO] [stdout]    --> src/overlayed_changes/changeset.rs:384:6
[INFO] [stdout]     |
[INFO] [stdout] 384 |     use pretty_assertions::assert_eq;
[INFO] [stdout]     |         ^^^^^^^^^^^^^^^^^ use of undeclared type or module `pretty_assertions`
[INFO] [stdout] 
[INFO] [stdout] 
[INFO] [stdout] error[E0433]: failed to resolve: use of undeclared type or module `sp_runtime`
[INFO] [stdout]    --> src/proving_backend.rs:307:6
[INFO] [stdout]     |
[INFO] [stdout] 307 |     use sp_runtime::traits::BlakeTwo256;
[INFO] [stdout]     |         ^^^^^^^^^^ use of undeclared type or module `sp_runtime`
[INFO] [stdout] 
[INFO] [stdout] 
[INFO] [stdout] error[E0433]: failed to resolve: use of undeclared type or module `sp_runtime`
[INFO] [stdout]    --> src/trie_backend.rs:255:6
[INFO] [stdout]     |
[INFO] [stdout] 255 |     use sp_runtime::traits::BlakeTwo256;
[INFO] [stdout]     |         ^^^^^^^^^^ use of undeclared type or module `sp_runtime`
[INFO] [stdout] 
[INFO] [stdout] 
[INFO] [stdout] error[E0433]: failed to resolve: use of undeclared type or module `sp_runtime`
[INFO] [stdout]    --> src/lib.rs:774:6
[INFO] [stdout]     |
[INFO] [stdout] 774 |     use sp_runtime::traits::BlakeTwo256;
[INFO] [stdout]     |         ^^^^^^^^^^ use of undeclared type or module `sp_runtime`
[INFO] [stdout] 
[INFO] [stdout] 
[INFO] [stdout] error[E0432]: unresolved import `hex_literal`
[INFO] [stdout]    --> src/overlayed_changes/mod.rs:568:6
[INFO] [stdout]     |
[INFO] [stdout] 568 |     use hex_literal::hex;
[INFO] [stdout]     |         ^^^^^^^^^^^ use of undeclared type or module `hex_literal`
[INFO] [stdout] 
[INFO] [stdout] 
[INFO] [stdout] error: cannot determine resolution for the macro `hex`
[INFO] [stdout]    --> src/ext.rs:776:9
[INFO] [stdout]     |
[INFO] [stdout] 776 |             Some(hex!("bb0c2ef6e1d36d5490f9766cfcc7dfe2a6ca804504c3bb206053890d6dd02376").to_vec()),
[INFO] [stdout]     |                  ^^^
[INFO] [stdout]     |
[INFO] [stdout]     = note: import resolution is stuck, try simplifying macro imports
[INFO] [stdout] 
[INFO] [stdout] 
[INFO] [stdout] error: cannot determine resolution for the macro `hex`
[INFO] [stdout]    --> src/ext.rs:793:9
[INFO] [stdout]     |
[INFO] [stdout] 793 |             Some(hex!("96f5aae4690e7302737b6f9b7f8567d5bbb9eac1c315f80101235a92d9ec27f4").to_vec()),
[INFO] [stdout]     |                  ^^^
[INFO] [stdout]     |
[INFO] [stdout]     = note: import resolution is stuck, try simplifying macro imports
[INFO] [stdout] 
[INFO] [stdout] 
[INFO] [stdout] error: cannot determine resolution for the macro `hex`
[INFO] [stdout]    --> src/testing.rs:257:25
[INFO] [stdout]     |
[INFO] [stdout] 257 |         let root = H256::from(hex!("2a340d3dfd52f5992c6b117e9e45f479e6da5afffafeb26ab619cf137a95aeb8"));
[INFO] [stdout]     |                               ^^^
[INFO] [stdout]     |
[INFO] [stdout]     = note: import resolution is stuck, try simplifying macro imports
[INFO] [stdout] 
[INFO] [stdout] 
[INFO] [stdout] error: cannot determine resolution for the macro `hex`
[INFO] [stdout]    --> src/basic.rs:372:26
[INFO] [stdout]     |
[INFO] [stdout] 372 |         const ROOT: [u8; 32] = hex!("39245109cef3758c2eed2ccba8d9b370a917850af3824bc8348d505df2c298fa");
[INFO] [stdout]     |                                ^^^
[INFO] [stdout]     |
[INFO] [stdout]     = note: import resolution is stuck, try simplifying macro imports
[INFO] [stdout] 
[INFO] [stdout] 
[INFO] [stdout] error: cannot determine resolution for the macro `assert_eq`
[INFO] [stdout]    --> src/overlayed_changes/changeset.rs:393:3
[INFO] [stdout]     |
[INFO] [stdout] 393 |         assert_eq!(&is, expected);
[INFO] [stdout]     |         ^^^^^^^^^
[INFO] [stdout]     |
[INFO] [stdout]     = note: import resolution is stuck, try simplifying macro imports
[INFO] [stdout] 
[INFO] [stdout] 
[INFO] [stdout] error: cannot determine resolution for the macro `assert_eq`
[INFO] [stdout]    --> src/overlayed_changes/changeset.rs:401:3
[INFO] [stdout]     |
[INFO] [stdout] 401 |         assert_eq!(is, expected);
[INFO] [stdout]     |         ^^^^^^^^^
[INFO] [stdout]     |
[INFO] [stdout]     = note: import resolution is stuck, try simplifying macro imports
[INFO] [stdout] 
[INFO] [stdout] 
[INFO] [stdout] error: cannot determine resolution for the macro `assert_eq`
[INFO] [stdout]    --> src/overlayed_changes/changeset.rs:409:3
[INFO] [stdout]     |
[INFO] [stdout] 409 |         assert_eq!(is, expected);
[INFO] [stdout]     |         ^^^^^^^^^
[INFO] [stdout]     |
[INFO] [stdout]     = note: import resolution is stuck, try simplifying macro imports
[INFO] [stdout] 
[INFO] [stdout] 
[INFO] [stdout] error: cannot determine resolution for the macro `assert_eq`
[INFO] [stdout]    --> src/overlayed_changes/changeset.rs:415:3
[INFO] [stdout]     |
[INFO] [stdout] 415 |         assert_eq!(changeset.transaction_depth(), 0);
[INFO] [stdout]     |         ^^^^^^^^^
[INFO] [stdout]     |
[INFO] [stdout]     = note: import resolution is stuck, try simplifying macro imports
[INFO] [stdout] 
[INFO] [stdout] 
[INFO] [stdout] error: cannot determine resolution for the macro `assert_eq`
[INFO] [stdout]    --> src/overlayed_changes/changeset.rs:430:3
[INFO] [stdout]     |
[INFO] [stdout] 430 |         assert_eq!(changeset.transaction_depth(), 0);
[INFO] [stdout]     |         ^^^^^^^^^
[INFO] [stdout]     |
[INFO] [stdout]     = note: import resolution is stuck, try simplifying macro imports
[INFO] [stdout] 
[INFO] [stdout] 
[INFO] [stdout] error: cannot determine resolution for the macro `assert_eq`
[INFO] [stdout]    --> src/overlayed_changes/changeset.rs:438:3
[INFO] [stdout]     |
[INFO] [stdout] 438 |         assert_eq!(changeset.transaction_depth(), 1);
[INFO] [stdout]     |         ^^^^^^^^^
[INFO] [stdout]     |
[INFO] [stdout]     = note: import resolution is stuck, try simplifying macro imports
[INFO] [stdout] 
[INFO] [stdout] 
[INFO] [stdout] error: cannot determine resolution for the macro `assert_eq`
[INFO] [stdout]    --> src/overlayed_changes/changeset.rs:445:3
[INFO] [stdout]     |
[INFO] [stdout] 445 |         assert_eq!(changeset.transaction_depth(), 2);
[INFO] [stdout]     |         ^^^^^^^^^
[INFO] [stdout]     |
[INFO] [stdout]     = note: import resolution is stuck, try simplifying macro imports
[INFO] [stdout] 
[INFO] [stdout] 
[INFO] [stdout] error: cannot determine resolution for the macro `assert_eq`
[INFO] [stdout]    --> src/overlayed_changes/changeset.rs:466:3
[INFO] [stdout]     |
[INFO] [stdout] 466 |         assert_eq!(changeset.transaction_depth(), 3);
[INFO] [stdout]     |         ^^^^^^^^^
[INFO] [stdout]     |
[INFO] [stdout]     = note: import resolution is stuck, try simplifying macro imports
[INFO] [stdout] 
[INFO] [stdout] 
[INFO] [stdout] error: cannot determine resolution for the macro `assert_eq`
[INFO] [stdout]    --> src/overlayed_changes/changeset.rs:468:3
[INFO] [stdout]     |
[INFO] [stdout] 468 |         assert_eq!(changeset.transaction_depth(), 4);
[INFO] [stdout]     |         ^^^^^^^^^
[INFO] [stdout]     |
[INFO] [stdout]     = note: import resolution is stuck, try simplifying macro imports
[INFO] [stdout] 
[INFO] [stdout] 
[INFO] [stdout] error: cannot determine resolution for the macro `assert_eq`
[INFO] [stdout]    --> src/overlayed_changes/changeset.rs:470:3
[INFO] [stdout]     |
[INFO] [stdout] 470 |         assert_eq!(changeset.transaction_depth(), 3);
[INFO] [stdout]     |         ^^^^^^^^^
[INFO] [stdout]     |
[INFO] [stdout]     = note: import resolution is stuck, try simplifying macro imports
[INFO] [stdout] 
[INFO] [stdout] 
[INFO] [stdout] error: cannot determine resolution for the macro `assert_eq`
[INFO] [stdout]    --> src/overlayed_changes/changeset.rs:472:3
[INFO] [stdout]     |
[INFO] [stdout] 472 |         assert_eq!(changeset.transaction_depth(), 2);
[INFO] [stdout]     |         ^^^^^^^^^
[INFO] [stdout]     |
[INFO] [stdout]     = note: import resolution is stuck, try simplifying macro imports
[INFO] [stdout] 
[INFO] [stdout] 
[INFO] [stdout] error: cannot determine resolution for the macro `assert_eq`
[INFO] [stdout]    --> src/overlayed_changes/changeset.rs:477:3
[INFO] [stdout]     |
[INFO] [stdout] 477 |         assert_eq!(changeset.transaction_depth(), 1);
[INFO] [stdout]     |         ^^^^^^^^^
[INFO] [stdout]     |
[INFO] [stdout]     = note: import resolution is stuck, try simplifying macro imports
[INFO] [stdout] 
[INFO] [stdout] 
[INFO] [stdout] error: cannot determine resolution for the macro `assert_eq`
[INFO] [stdout]    --> src/overlayed_changes/changeset.rs:488:3
[INFO] [stdout]     |
[INFO] [stdout] 488 |         assert_eq!(changeset.transaction_depth(), 0);
[INFO] [stdout]     |         ^^^^^^^^^
[INFO] [stdout]     |
[INFO] [stdout]     = note: import resolution is stuck, try simplifying macro imports
[INFO] [stdout] 
[INFO] [stdout] 
[INFO] [stdout] error: cannot determine resolution for the macro `assert_eq`
[INFO] [stdout]    --> src/overlayed_changes/changeset.rs:497:3
[INFO] [stdout]     |
[INFO] [stdout] 497 |         assert_eq!(changeset.transaction_depth(), 0);
[INFO] [stdout]     |         ^^^^^^^^^
[INFO] [stdout]     |
[INFO] [stdout]     = note: import resolution is stuck, try simplifying macro imports
[INFO] [stdout] 
[INFO] [stdout] 
[INFO] [stdout] error: cannot determine resolution for the macro `assert_eq`
[INFO] [stdout]    --> src/overlayed_changes/changeset.rs:504:3
[INFO] [stdout]     |
[INFO] [stdout] 504 |         assert_eq!(changeset.transaction_depth(), 1);
[INFO] [stdout]     |         ^^^^^^^^^
[INFO] [stdout]     |
[INFO] [stdout]     = note: import resolution is stuck, try simplifying macro imports
[INFO] [stdout] 
[INFO] [stdout] 
[INFO] [stdout] error: cannot determine resolution for the macro `assert_eq`
[INFO] [stdout]    --> src/overlayed_changes/changeset.rs:510:3
[INFO] [stdout]     |
[INFO] [stdout] 510 |         assert_eq!(changeset.transaction_depth(), 2);
[INFO] [stdout]     |         ^^^^^^^^^
[INFO] [stdout]     |
[INFO] [stdout]     = note: import resolution is stuck, try simplifying macro imports
[INFO] [stdout] 
[INFO] [stdout] 
[INFO] [stdout] error: cannot determine resolution for the macro `assert_eq`
[INFO] [stdout]    --> src/overlayed_changes/changeset.rs:529:3
[INFO] [stdout]     |
[INFO] [stdout] 529 |         assert_eq!(changeset.transaction_depth(), 3);
[INFO] [stdout]     |         ^^^^^^^^^
[INFO] [stdout]     |
[INFO] [stdout]     = note: import resolution is stuck, try simplifying macro imports
[INFO] [stdout] 
[INFO] [stdout] 
[INFO] [stdout] error: cannot determine resolution for the macro `assert_eq`
[INFO] [stdout]    --> src/overlayed_changes/changeset.rs:531:3
[INFO] [stdout]     |
[INFO] [stdout] 531 |         assert_eq!(changeset.transaction_depth(), 4);
[INFO] [stdout]     |         ^^^^^^^^^
[INFO] [stdout]     |
[INFO] [stdout]     = note: import resolution is stuck, try simplifying macro imports
[INFO] [stdout] 
[INFO] [stdout] 
[INFO] [stdout] error: cannot determine resolution for the macro `assert_eq`
[INFO] [stdout]    --> src/overlayed_changes/changeset.rs:533:3
[INFO] [stdout]     |
[INFO] [stdout] 533 |         assert_eq!(changeset.transaction_depth(), 3);
[INFO] [stdout]     |         ^^^^^^^^^
[INFO] [stdout]     |
[INFO] [stdout]     = note: import resolution is stuck, try simplifying macro imports
[INFO] [stdout] 
[INFO] [stdout] 
[INFO] [stdout] error: cannot determine resolution for the macro `assert_eq`
[INFO] [stdout]    --> src/overlayed_changes/changeset.rs:535:3
[INFO] [stdout]     |
[INFO] [stdout] 535 |         assert_eq!(changeset.transaction_depth(), 2);
[INFO] [stdout]     |         ^^^^^^^^^
[INFO] [stdout]     |
[INFO] [stdout]     = note: import resolution is stuck, try simplifying macro imports
[INFO] [stdout] 
[INFO] [stdout] 
[INFO] [stdout] error: cannot determine resolution for the macro `assert_eq`
[INFO] [stdout]    --> src/overlayed_changes/changeset.rs:539:3
[INFO] [stdout]     |
[INFO] [stdout] 539 |         assert_eq!(changeset.transaction_depth(), 1);
[INFO] [stdout]     |         ^^^^^^^^^
[INFO] [stdout]     |
[INFO] [stdout]     = note: import resolution is stuck, try simplifying macro imports
[INFO] [stdout] 
[INFO] [stdout] 
[INFO] [stdout] error: cannot determine resolution for the macro `assert_eq`
[INFO] [stdout]    --> src/overlayed_changes/changeset.rs:544:3
[INFO] [stdout]     |
[INFO] [stdout] 544 |         assert_eq!(changeset.transaction_depth(), 0);
[INFO] [stdout]     |         ^^^^^^^^^
[INFO] [stdout]     |
[INFO] [stdout]     = note: import resolution is stuck, try simplifying macro imports
[INFO] [stdout] 
[INFO] [stdout] 
[INFO] [stdout] error: cannot determine resolution for the macro `assert_eq`
[INFO] [stdout]    --> src/overlayed_changes/changeset.rs:558:3
[INFO] [stdout]     |
[INFO] [stdout] 558 |         assert_eq!(changeset.transaction_depth(), 0);
[INFO] [stdout]     |         ^^^^^^^^^
[INFO] [stdout]     |
[INFO] [stdout]     = note: import resolution is stuck, try simplifying macro imports
[INFO] [stdout] 
[INFO] [stdout] 
[INFO] [stdout] error: cannot determine resolution for the macro `assert_eq`
[INFO] [stdout]    --> src/overlayed_changes/changeset.rs:565:3
[INFO] [stdout]     |
[INFO] [stdout] 565 |         assert_eq!(val, &Some(b"valinit".to_vec()));
[INFO] [stdout]     |         ^^^^^^^^^
[INFO] [stdout]     |
[INFO] [stdout]     = note: import resolution is stuck, try simplifying macro imports
[INFO] [stdout] 
[INFO] [stdout] 
[INFO] [stdout] error: cannot determine resolution for the macro `assert_eq`
[INFO] [stdout]    --> src/overlayed_changes/changeset.rs:569:3
[INFO] [stdout]     |
[INFO] [stdout] 569 |         assert_eq!(changeset.transaction_depth(), 1);
[INFO] [stdout]     |         ^^^^^^^^^
[INFO] [stdout]     |
[INFO] [stdout]     = note: import resolution is stuck, try simplifying macro imports
[INFO] [stdout] 
[INFO] [stdout] 
[INFO] [stdout] error: cannot determine resolution for the macro `assert_eq`
[INFO] [stdout]    --> src/overlayed_changes/changeset.rs:571:3
[INFO] [stdout]     |
[INFO] [stdout] 571 |         assert_eq!(changeset.transaction_depth(), 2);
[INFO] [stdout]     |         ^^^^^^^^^
[INFO] [stdout]     |
[INFO] [stdout]     = note: import resolution is stuck, try simplifying macro imports
[INFO] [stdout] 
[INFO] [stdout] 
[INFO] [stdout] error: cannot determine resolution for the macro `assert_eq`
[INFO] [stdout]    --> src/overlayed_changes/changeset.rs:575:3
[INFO] [stdout]     |
[INFO] [stdout] 575 |         assert_eq!(val, &Some(b"valinit".to_vec()));
[INFO] [stdout]     |         ^^^^^^^^^
[INFO] [stdout]     |
[INFO] [stdout]     = note: import resolution is stuck, try simplifying macro imports
[INFO] [stdout] 
[INFO] [stdout] 
[INFO] [stdout] error: cannot determine resolution for the macro `assert_eq`
[INFO] [stdout]    --> src/overlayed_changes/changeset.rs:580:3
[INFO] [stdout]     |
[INFO] [stdout] 580 |         assert_eq!(val, &Some(b"val0".to_vec()));
[INFO] [stdout]     |         ^^^^^^^^^
[INFO] [stdout]     |
[INFO] [stdout]     = note: import resolution is stuck, try simplifying macro imports
[INFO] [stdout] 
[INFO] [stdout] 
[INFO] [stdout] error: cannot determine resolution for the macro `assert_eq`
[INFO] [stdout]    --> src/overlayed_changes/changeset.rs:585:3
[INFO] [stdout]     |
[INFO] [stdout] 585 |         assert_eq!(val, &None);
[INFO] [stdout]     |         ^^^^^^^^^
[INFO] [stdout]     |
[INFO] [stdout]     = note: import resolution is stuck, try simplifying macro imports
[INFO] [stdout] 
[INFO] [stdout] 
[INFO] [stdout] error: cannot determine resolution for the macro `assert_eq`
[INFO] [stdout]    --> src/overlayed_changes/changeset.rs:596:3
[INFO] [stdout]     |
[INFO] [stdout] 596 |         assert_eq!(changeset.transaction_depth(), 1);
[INFO] [stdout]     |         ^^^^^^^^^
[INFO] [stdout]     |
[INFO] [stdout]     = note: import resolution is stuck, try simplifying macro imports
[INFO] [stdout] 
[INFO] [stdout] 
[INFO] [stdout] error: cannot determine resolution for the macro `assert_eq`
[INFO] [stdout]    --> src/overlayed_changes/changeset.rs:600:3
[INFO] [stdout]     |
[INFO] [stdout] 600 |         assert_eq!(changeset.transaction_depth(), 0);
[INFO] [stdout]     |         ^^^^^^^^^
[INFO] [stdout]     |
[INFO] [stdout]     = note: import resolution is stuck, try simplifying macro imports
[INFO] [stdout] 
[INFO] [stdout] 
[INFO] [stdout] error: cannot determine resolution for the macro `assert_eq`
[INFO] [stdout]    --> src/overlayed_changes/changeset.rs:654:3
[INFO] [stdout]     |
[INFO] [stdout] 654 |         assert_eq!(changeset.next_change(b"key0").unwrap().0, b"key1");
[INFO] [stdout]     |         ^^^^^^^^^
[INFO] [stdout]     |
[INFO] [stdout]     = note: import resolution is stuck, try simplifying macro imports
[INFO] [stdout] 
[INFO] [stdout] 
[INFO] [stdout] error: cannot determine resolution for the macro `assert_eq`
[INFO] [stdout]    --> src/overlayed_changes/changeset.rs:655:3
[INFO] [stdout]     |
[INFO] [stdout] 655 |         assert_eq!(changeset.next_change(b"key0").unwrap().1.value(), Some(&b"val1".to_vec()));
[INFO] [stdout]     |         ^^^^^^^^^
[INFO] [stdout]     |
[INFO] [stdout]     = note: import resolution is stuck, try simplifying macro imports
[INFO] [stdout] 
[INFO] [stdout] 
[INFO] [stdout] error: cannot determine resolution for the macro `assert_eq`
[INFO] [stdout]    --> src/overlayed_changes/changeset.rs:656:3
[INFO] [stdout]     |
[INFO] [stdout] 656 |         assert_eq!(changeset.next_change(b"key1").unwrap().0, b"key11");
[INFO] [stdout]     |         ^^^^^^^^^
[INFO] [stdout]     |
[INFO] [stdout]     = note: import resolution is stuck, try simplifying macro imports
[INFO] [stdout] 
[INFO] [stdout] 
[INFO] [stdout] error: cannot determine resolution for the macro `assert_eq`
[INFO] [stdout]    --> src/overlayed_changes/changeset.rs:657:3
[INFO] [stdout]     |
[INFO] [stdout] 657 |         assert_eq!(changeset.next_change(b"key1").unwrap().1.value(), Some(&b"val11".to_vec()));
[INFO] [stdout]     |         ^^^^^^^^^
[INFO] [stdout]     |
[INFO] [stdout]     = note: import resolution is stuck, try simplifying macro imports
[INFO] [stdout] 
[INFO] [stdout] 
[INFO] [stdout] error: cannot determine resolution for the macro `assert_eq`
[INFO] [stdout]    --> src/overlayed_changes/changeset.rs:658:3
[INFO] [stdout]     |
[INFO] [stdout] 658 |         assert_eq!(changeset.next_change(b"key11").unwrap().0, b"key2");
[INFO] [stdout]     |         ^^^^^^^^^
[INFO] [stdout]     |
[INFO] [stdout]     = note: import resolution is stuck, try simplifying macro imports
[INFO] [stdout] 
[INFO] [stdout] 
[INFO] [stdout] error: cannot determine resolution for the macro `assert_eq`
[INFO] [stdout]    --> src/overlayed_changes/changeset.rs:659:3
[INFO] [stdout]     |
[INFO] [stdout] 659 |         assert_eq!(changeset.next_change(b"key11").unwrap().1.value(), Some(&b"val2".to_vec()));
[INFO] [stdout]     |         ^^^^^^^^^
[INFO] [stdout]     |
[INFO] [stdout]     = note: import resolution is stuck, try simplifying macro imports
[INFO] [stdout] 
[INFO] [stdout] 
[INFO] [stdout] error: cannot determine resolution for the macro `assert_eq`
[INFO] [stdout]    --> src/overlayed_changes/changeset.rs:660:3
[INFO] [stdout]     |
[INFO] [stdout] 660 |         assert_eq!(changeset.next_change(b"key2").unwrap().0, b"key3");
[INFO] [stdout]     |         ^^^^^^^^^
[INFO] [stdout]     |
[INFO] [stdout]     = note: import resolution is stuck, try simplifying macro imports
[INFO] [stdout] 
[INFO] [stdout] 
[INFO] [stdout] error: cannot determine resolution for the macro `assert_eq`
[INFO] [stdout]    --> src/overlayed_changes/changeset.rs:661:3
[INFO] [stdout]     |
[INFO] [stdout] 661 |         assert_eq!(changeset.next_change(b"key2").unwrap().1.value(), Some(&b"val3".to_vec()));
[INFO] [stdout]     |         ^^^^^^^^^
[INFO] [stdout]     |
[INFO] [stdout]     = note: import resolution is stuck, try simplifying macro imports
[INFO] [stdout] 
[INFO] [stdout] 
[INFO] [stdout] error: cannot determine resolution for the macro `assert_eq`
[INFO] [stdout]    --> src/overlayed_changes/changeset.rs:662:3
[INFO] [stdout]     |
[INFO] [stdout] 662 |         assert_eq!(changeset.next_change(b"key3").unwrap().0, b"key4");
[INFO] [stdout]     |         ^^^^^^^^^
[INFO] [stdout]     |
[INFO] [stdout]     = note: import resolution is stuck, try simplifying macro imports
[INFO] [stdout] 
[INFO] [stdout] 
[INFO] [stdout] error: cannot determine resolution for the macro `assert_eq`
[INFO] [stdout]    --> src/overlayed_changes/changeset.rs:663:3
[INFO] [stdout]     |
[INFO] [stdout] 663 |         assert_eq!(changeset.next_change(b"key3").unwrap().1.value(), Some(&b"val4".to_vec()));
[INFO] [stdout]     |         ^^^^^^^^^
[INFO] [stdout]     |
[INFO] [stdout]     = note: import resolution is stuck, try simplifying macro imports
[INFO] [stdout] 
[INFO] [stdout] 
[INFO] [stdout] error: cannot determine resolution for the macro `assert_eq`
[INFO] [stdout]    --> src/overlayed_changes/changeset.rs:664:3
[INFO] [stdout]     |
[INFO] [stdout] 664 |         assert_eq!(changeset.next_change(b"key4"), None);
[INFO] [stdout]     |         ^^^^^^^^^
[INFO] [stdout]     |
[INFO] [stdout]     = note: import resolution is stuck, try simplifying macro imports
[INFO] [stdout] 
[INFO] [stdout] 
[INFO] [stdout] error: cannot determine resolution for the macro `assert_eq`
[INFO] [stdout]    --> src/overlayed_changes/changeset.rs:668:3
[INFO] [stdout]     |
[INFO] [stdout] 668 |         assert_eq!(changeset.next_change(b"key0").unwrap().0, b"key1");
[INFO] [stdout]     |         ^^^^^^^^^
[INFO] [stdout]     |
[INFO] [stdout]     = note: import resolution is stuck, try simplifying macro imports
[INFO] [stdout] 
[INFO] [stdout] 
[INFO] [stdout] error: cannot determine resolution for the macro `assert_eq`
[INFO] [stdout]    --> src/overlayed_changes/changeset.rs:669:3
[INFO] [stdout]     |
[INFO] [stdout] 669 |         assert_eq!(changeset.next_change(b"key0").unwrap().1.value(), Some(&b"val1".to_vec()));
[INFO] [stdout]     |         ^^^^^^^^^
[INFO] [stdout]     |
[INFO] [stdout]     = note: import resolution is stuck, try simplifying macro imports
[INFO] [stdout] 
[INFO] [stdout] 
[INFO] [stdout] error: cannot determine resolution for the macro `assert_eq`
[INFO] [stdout]    --> src/overlayed_changes/changeset.rs:670:3
[INFO] [stdout]     |
[INFO] [stdout] 670 |         assert_eq!(changeset.next_change(b"key1").unwrap().0, b"key2");
[INFO] [stdout]     |         ^^^^^^^^^
[INFO] [stdout]     |
[INFO] [stdout]     = note: import resolution is stuck, try simplifying macro imports
[INFO] [stdout] 
[INFO] [stdout] 
[INFO] [stdout] error: cannot determine resolution for the macro `assert_eq`
[INFO] [stdout]    --> src/overlayed_changes/changeset.rs:671:3
[INFO] [stdout]     |
[INFO] [stdout] 671 |         assert_eq!(changeset.next_change(b"key1").unwrap().1.value(), Some(&b"val2".to_vec()));
[INFO] [stdout]     |         ^^^^^^^^^
[INFO] [stdout]     |
[INFO] [stdout]     = note: import resolution is stuck, try simplifying macro imports
[INFO] [stdout] 
[INFO] [stdout] 
[INFO] [stdout] error: cannot determine resolution for the macro `assert_eq`
[INFO] [stdout]    --> src/overlayed_changes/changeset.rs:672:3
[INFO] [stdout]     |
[INFO] [stdout] 672 |         assert_eq!(changeset.next_change(b"key11").unwrap().0, b"key2");
[INFO] [stdout]     |         ^^^^^^^^^
[INFO] [stdout]     |
[INFO] [stdout]     = note: import resolution is stuck, try simplifying macro imports
[INFO] [stdout] 
[INFO] [stdout] 
[INFO] [stdout] error: cannot determine resolution for the macro `assert_eq`
[INFO] [stdout]    --> src/overlayed_changes/changeset.rs:673:3
[INFO] [stdout]     |
[INFO] [stdout] 673 |         assert_eq!(changeset.next_change(b"key11").unwrap().1.value(), Some(&b"val2".to_vec()));
[INFO] [stdout]     |         ^^^^^^^^^
[INFO] [stdout]     |
[INFO] [stdout]     = note: import resolution is stuck, try simplifying macro imports
[INFO] [stdout] 
[INFO] [stdout] 
[INFO] [stdout] error: cannot determine resolution for the macro `assert_eq`
[INFO] [stdout]    --> src/overlayed_changes/changeset.rs:674:3
[INFO] [stdout]     |
[INFO] [stdout] 674 |         assert_eq!(changeset.next_change(b"key2"), None);
[INFO] [stdout]     |         ^^^^^^^^^
[INFO] [stdout]     |
[INFO] [stdout]     = note: import resolution is stuck, try simplifying macro imports
[INFO] [stdout] 
[INFO] [stdout] 
[INFO] [stdout] error: cannot determine resolution for the macro `assert_eq`
[INFO] [stdout]    --> src/overlayed_changes/changeset.rs:675:3
[INFO] [stdout]     |
[INFO] [stdout] 675 |         assert_eq!(changeset.next_change(b"key3"), None);
[INFO] [stdout]     |         ^^^^^^^^^
[INFO] [stdout]     |
[INFO] [stdout]     = note: import resolution is stuck, try simplifying macro imports
[INFO] [stdout] 
[INFO] [stdout] 
[INFO] [stdout] error: cannot determine resolution for the macro `assert_eq`
[INFO] [stdout]    --> src/overlayed_changes/changeset.rs:676:3
[INFO] [stdout]     |
[INFO] [stdout] 676 |         assert_eq!(changeset.next_change(b"key4"), None);
[INFO] [stdout]     |         ^^^^^^^^^
[INFO] [stdout]     |
[INFO] [stdout]     = note: import resolution is stuck, try simplifying macro imports
[INFO] [stdout] 
[INFO] [stdout] 
[INFO] [stdout] error: cannot determine resolution for the macro `assert_eq`
[INFO] [stdout]    --> src/overlayed_changes/changeset.rs:683:3
[INFO] [stdout]     |
[INFO] [stdout] 683 |         assert_eq!(changeset.transaction_depth(), 0);
[INFO] [stdout]     |         ^^^^^^^^^
[INFO] [stdout]     |
[INFO] [stdout]     = note: import resolution is stuck, try simplifying macro imports
[INFO] [stdout] 
[INFO] [stdout] 
[INFO] [stdout] error: cannot determine resolution for the macro `assert_eq`
[INFO] [stdout]    --> src/overlayed_changes/changeset.rs:684:3
[INFO] [stdout]     |
[INFO] [stdout] 684 |         assert_eq!(changeset.commit_transaction(), Err(NoOpenTransaction));
[INFO] [stdout]     |         ^^^^^^^^^
[INFO] [stdout]     |
[INFO] [stdout]     = note: import resolution is stuck, try simplifying macro imports
[INFO] [stdout] 
[INFO] [stdout] 
[INFO] [stdout] error: cannot determine resolution for the macro `assert_eq`
[INFO] [stdout]    --> src/overlayed_changes/changeset.rs:690:3
[INFO] [stdout]     |
[INFO] [stdout] 690 |         assert_eq!(changeset.transaction_depth(), 0);
[INFO] [stdout]     |         ^^^^^^^^^
[INFO] [stdout]     |
[INFO] [stdout]     = note: import resolution is stuck, try simplifying macro imports
[INFO] [stdout] 
[INFO] [stdout] 
[INFO] [stdout] error: cannot determine resolution for the macro `assert_eq`
[INFO] [stdout]    --> src/overlayed_changes/changeset.rs:691:3
[INFO] [stdout]     |
[INFO] [stdout] 691 |         assert_eq!(changeset.rollback_transaction(), Err(NoOpenTransaction));
[INFO] [stdout]     |         ^^^^^^^^^
[INFO] [stdout]     |
[INFO] [stdout]     = note: import resolution is stuck, try simplifying macro imports
[INFO] [stdout] 
[INFO] [stdout] 
[INFO] [stdout] error: cannot determine resolution for the macro `assert_eq`
[INFO] [stdout]    --> src/overlayed_changes/changeset.rs:699:3
[INFO] [stdout]     |
[INFO] [stdout] 699 |         assert_eq!(changeset.commit_transaction(), Err(NoOpenTransaction));
[INFO] [stdout]     |         ^^^^^^^^^
[INFO] [stdout]     |
[INFO] [stdout]     = note: import resolution is stuck, try simplifying macro imports
[INFO] [stdout] 
[INFO] [stdout] 
[INFO] [stdout] error: cannot determine resolution for the macro `assert_eq`
[INFO] [stdout]    --> src/overlayed_changes/changeset.rs:717:3
[INFO] [stdout]     |
[INFO] [stdout] 717 |         assert_eq!(changeset.commit_transaction(), Err(NoOpenTransaction));
[INFO] [stdout]     |         ^^^^^^^^^
[INFO] [stdout]     |
[INFO] [stdout]     = note: import resolution is stuck, try simplifying macro imports
[INFO] [stdout] 
[INFO] [stdout] 
[INFO] [stdout] error: cannot determine resolution for the macro `assert_eq`
[INFO] [stdout]    --> src/overlayed_changes/changeset.rs:718:3
[INFO] [stdout]     |
[INFO] [stdout] 718 |         assert_eq!(changeset.rollback_transaction(), Err(NoOpenTransaction));
[INFO] [stdout]     |         ^^^^^^^^^
[INFO] [stdout]     |
[INFO] [stdout]     = note: import resolution is stuck, try simplifying macro imports
[INFO] [stdout] 
[INFO] [stdout] 
[INFO] [stdout] error: cannot determine resolution for the macro `assert_eq`
[INFO] [stdout]    --> src/overlayed_changes/changeset.rs:735:3
[INFO] [stdout]     |
[INFO] [stdout] 735 |         assert_eq!(changeset.transaction_depth(), 0);
[INFO] [stdout]     |         ^^^^^^^^^
[INFO] [stdout]     |
[INFO] [stdout]     = note: import resolution is stuck, try simplifying macro imports
[INFO] [stdout] 
[INFO] [stdout] 
[INFO] [stdout] error: cannot determine resolution for the macro `assert_eq`
[INFO] [stdout]    --> src/overlayed_changes/changeset.rs:746:3
[INFO] [stdout]     |
[INFO] [stdout] 746 |         assert_eq!(changeset.exit_runtime(), Err(NotInRuntime));
[INFO] [stdout]     |         ^^^^^^^^^
[INFO] [stdout]     |
[INFO] [stdout]     = note: import resolution is stuck, try simplifying macro imports
[INFO] [stdout] 
[INFO] [stdout] 
[INFO] [stdout] error: cannot determine resolution for the macro `assert_eq`
[INFO] [stdout]    --> src/overlayed_changes/changeset.rs:747:3
[INFO] [stdout]     |
[INFO] [stdout] 747 |         assert_eq!(changeset.enter_runtime(), Ok(()));
[INFO] [stdout]     |         ^^^^^^^^^
[INFO] [stdout]     |
[INFO] [stdout]     = note: import resolution is stuck, try simplifying macro imports
[INFO] [stdout] 
[INFO] [stdout] 
[INFO] [stdout] error: cannot determine resolution for the macro `assert_eq`
[INFO] [stdout]    --> src/overlayed_changes/changeset.rs:748:3
[INFO] [stdout]     |
[INFO] [stdout] 748 |         assert_eq!(changeset.enter_runtime(), Err(AlreadyInRuntime));
[INFO] [stdout]     |         ^^^^^^^^^
[INFO] [stdout]     |
[INFO] [stdout]     = note: import resolution is stuck, try simplifying macro imports
[INFO] [stdout] 
[INFO] [stdout] 
[INFO] [stdout] error: cannot determine resolution for the macro `assert_eq`
[INFO] [stdout]    --> src/overlayed_changes/changeset.rs:749:3
[INFO] [stdout]     |
[INFO] [stdout] 749 |         assert_eq!(changeset.exit_runtime(), Ok(()));
[INFO] [stdout]     |         ^^^^^^^^^
[INFO] [stdout]     |
[INFO] [stdout]     = note: import resolution is stuck, try simplifying macro imports
[INFO] [stdout] 
[INFO] [stdout] 
[INFO] [stdout] error: cannot determine resolution for the macro `assert_eq`
[INFO] [stdout]    --> src/overlayed_changes/changeset.rs:750:3
[INFO] [stdout]     |
[INFO] [stdout] 750 |         assert_eq!(changeset.exit_runtime(), Err(NotInRuntime));
[INFO] [stdout]     |         ^^^^^^^^^
[INFO] [stdout]     |
[INFO] [stdout]     = note: import resolution is stuck, try simplifying macro imports
[INFO] [stdout] 
[INFO] [stdout] 
[INFO] [stdout] error: cannot determine resolution for the macro `hex`
[INFO] [stdout]    --> src/overlayed_changes/mod.rs:651:26
[INFO] [stdout]     |
[INFO] [stdout] 651 |         const ROOT: [u8; 32] = hex!("39245109cef3758c2eed2ccba8d9b370a917850af3824bc8348d505df2c298fa");
[INFO] [stdout]     |                                ^^^
[INFO] [stdout]     |
[INFO] [stdout]     = note: import resolution is stuck, try simplifying macro imports
[INFO] [stdout] 
[INFO] [stdout] 
[INFO] [stdout] error[E0412]: cannot find type `BlakeTwo256` in this scope
[INFO] [stdout]    --> src/in_memory_backend.rs:220:30
[INFO] [stdout]     |
[INFO] [stdout] 219 |     fn in_memory_with_child_trie_only() {
[INFO] [stdout]     |                                      - help: you might be missing a type parameter: `<BlakeTwo256>`
[INFO] [stdout] 220 |         let storage = new_in_mem::<BlakeTwo256>();
[INFO] [stdout]     |                                    ^^^^^^^^^^^ not found in this scope
[INFO] [stdout] 
[INFO] [stdout] 
[INFO] [stdout] error[E0412]: cannot find type `BlakeTwo256` in this scope
[INFO] [stdout]    --> src/changes_trie/changes_iterator.rs:392:64
[INFO] [stdout]     |
[INFO] [stdout] 392 |     fn prepare_for_drilldown() -> (Configuration, InMemoryStorage<BlakeTwo256, u64>) {
[INFO] [stdout]     |                             -                                     ^^^^^^^^^^^ not found in this scope
[INFO] [stdout]     |                             |
[INFO] [stdout]     |                             help: you might be missing a type parameter: `<BlakeTwo256>`
[INFO] [stdout] 
[INFO] [stdout] 
[INFO] [stdout] error[E0412]: cannot find type `BlakeTwo256` in this scope
[INFO] [stdout]    --> src/changes_trie/changes_iterator.rs:457:40
[INFO] [stdout]     |
[INFO] [stdout] 455 |     fn drilldown_iterator_works() {
[INFO] [stdout]     |                                - help: you might be missing a type parameter: `<BlakeTwo256>`
[INFO] [stdout] 456 |         let (config, storage) = prepare_for_drilldown();
[INFO] [stdout] 457 |         let drilldown_result = key_changes::<BlakeTwo256, u64>(
[INFO] [stdout]     |                                              ^^^^^^^^^^^ not found in this scope
[INFO] [stdout] 
[INFO] [stdout] 
[INFO] [stdout] error[E0412]: cannot find type `BlakeTwo256` in this scope
[INFO] [stdout]    --> src/changes_trie/changes_iterator.rs:468:40
[INFO] [stdout]     |
[INFO] [stdout] 455 |     fn drilldown_iterator_works() {
[INFO] [stdout]     |                                - help: you might be missing a type parameter: `<BlakeTwo256>`
[INFO] [stdout] ...
[INFO] [stdout] 468 |         let drilldown_result = key_changes::<BlakeTwo256, u64>(
[INFO] [stdout]     |                                              ^^^^^^^^^^^ not found in this scope
[INFO] [stdout] 
[INFO] [stdout] 
[INFO] [stdout] error[E0412]: cannot find type `BlakeTwo256` in this scope
[INFO] [stdout]    --> src/changes_trie/changes_iterator.rs:479:40
[INFO] [stdout]     |
[INFO] [stdout] 455 |     fn drilldown_iterator_works() {
[INFO] [stdout]     |                                - help: you might be missing a type parameter: `<BlakeTwo256>`
[INFO] [stdout] ...
[INFO] [stdout] 479 |         let drilldown_result = key_changes::<BlakeTwo256, u64>(
[INFO] [stdout]     |                                              ^^^^^^^^^^^ not found in this scope
[INFO] [stdout] 
[INFO] [stdout] 
[INFO] [stdout] error[E0412]: cannot find type `BlakeTwo256` in this scope
[INFO] [stdout]    --> src/changes_trie/changes_iterator.rs:490:40
[INFO] [stdout]     |
[INFO] [stdout] 455 |     fn drilldown_iterator_works() {
[INFO] [stdout]     |                                - help: you might be missing a type parameter: `<BlakeTwo256>`
[INFO] [stdout] ...
[INFO] [stdout] 490 |         let drilldown_result = key_changes::<BlakeTwo256, u64>(
[INFO] [stdout]     |                                              ^^^^^^^^^^^ not found in this scope
[INFO] [stdout] 
[INFO] [stdout] 
[INFO] [stdout] error[E0412]: cannot find type `BlakeTwo256` in this scope
[INFO] [stdout]    --> src/changes_trie/changes_iterator.rs:501:40
[INFO] [stdout]     |
[INFO] [stdout] 455 |     fn drilldown_iterator_works() {
[INFO] [stdout]     |                                - help: you might be missing a type parameter: `<BlakeTwo256>`
[INFO] [stdout] ...
[INFO] [stdout] 501 |         let drilldown_result = key_changes::<BlakeTwo256, u64>(
[INFO] [stdout]     |                                              ^^^^^^^^^^^ not found in this scope
[INFO] [stdout] 
[INFO] [stdout] 
[INFO] [stdout] error[E0412]: cannot find type `BlakeTwo256` in this scope
[INFO] [stdout]    --> src/changes_trie/changes_iterator.rs:512:40
[INFO] [stdout]     |
[INFO] [stdout] 455 |     fn drilldown_iterator_works() {
[INFO] [stdout]     |                                - help: you might be missing a type parameter: `<BlakeTwo256>`
[INFO] [stdout] ...
[INFO] [stdout] 512 |         let drilldown_result = key_changes::<BlakeTwo256, u64>(
[INFO] [stdout]     |                                              ^^^^^^^^^^^ not found in this scope
[INFO] [stdout] 
[INFO] [stdout] 
[INFO] [stdout] error[E0412]: cannot find type `BlakeTwo256` in this scope
[INFO] [stdout]    --> src/changes_trie/changes_iterator.rs:529:25
[INFO] [stdout]     |
[INFO] [stdout] 525 |     fn drilldown_iterator_fails_when_storage_fails() {
[INFO] [stdout]     |                                                   - help: you might be missing a type parameter: `<BlakeTwo256>`
[INFO] [stdout] ...
[INFO] [stdout] 529 |         assert!(key_changes::<BlakeTwo256, u64>(
[INFO] [stdout]     |                               ^^^^^^^^^^^ not found in this scope
[INFO] [stdout] 
[INFO] [stdout] 
[INFO] [stdout] error[E0412]: cannot find type `BlakeTwo256` in this scope
[INFO] [stdout]    --> src/changes_trie/changes_iterator.rs:539:25
[INFO] [stdout]     |
[INFO] [stdout] 525 |     fn drilldown_iterator_fails_when_storage_fails() {
[INFO] [stdout]     |                                                   - help: you might be missing a type parameter: `<BlakeTwo256>`
[INFO] [stdout] ...
[INFO] [stdout] 539 |         assert!(key_changes::<BlakeTwo256, u64>(
[INFO] [stdout]     |                               ^^^^^^^^^^^ not found in this scope
[INFO] [stdout] 
[INFO] [stdout] 
[INFO] [stdout] error[E0412]: cannot find type `BlakeTwo256` in this scope
[INFO] [stdout]    --> src/changes_trie/changes_iterator.rs:553:25
[INFO] [stdout]     |
[INFO] [stdout] 551 |     fn drilldown_iterator_fails_when_range_is_invalid() {
[INFO] [stdout]     |                                                      - help: you might be missing a type parameter: `<BlakeTwo256>`
[INFO] [stdout] 552 |         let (config, storage) = prepare_for_drilldown();
[INFO] [stdout] 553 |         assert!(key_changes::<BlakeTwo256, u64>(
[INFO] [stdout]     |                               ^^^^^^^^^^^ not found in this scope
[INFO] [stdout] 
[INFO] [stdout] 
[INFO] [stdout] error[E0412]: cannot find type `BlakeTwo256` in this scope
[INFO] [stdout]    --> src/changes_trie/changes_iterator.rs:562:25
[INFO] [stdout]     |
[INFO] [stdout] 551 |     fn drilldown_iterator_fails_when_range_is_invalid() {
[INFO] [stdout]     |                                                      - help: you might be missing a type parameter: `<BlakeTwo256>`
[INFO] [stdout] ...
[INFO] [stdout] 562 |         assert!(key_changes::<BlakeTwo256, u64>(
[INFO] [stdout]     |                               ^^^^^^^^^^^ not found in this scope
[INFO] [stdout] 
[INFO] [stdout] 
[INFO] [stdout] error[E0412]: cannot find type `BlakeTwo256` in this scope
[INFO] [stdout]    --> src/changes_trie/changes_iterator.rs:580:42
[INFO] [stdout]     |
[INFO] [stdout] 575 |     fn proving_drilldown_iterator_works() {
[INFO] [stdout]     |                                        - help: you might be missing a type parameter: `<BlakeTwo256>`
[INFO] [stdout] ...
[INFO] [stdout] 580 |         let remote_proof = key_changes_proof::<BlakeTwo256, u64>(
[INFO] [stdout]     |                                                ^^^^^^^^^^^ not found in this scope
[INFO] [stdout] 
[INFO] [stdout] 
[INFO] [stdout] error[E0412]: cannot find type `BlakeTwo256` in this scope
[INFO] [stdout]    --> src/changes_trie/changes_iterator.rs:585:48
[INFO] [stdout]     |
[INFO] [stdout] 575 |     fn proving_drilldown_iterator_works() {
[INFO] [stdout]     |                                        - help: you might be missing a type parameter: `<BlakeTwo256>`
[INFO] [stdout] ...
[INFO] [stdout] 585 |         let remote_proof_child = key_changes_proof::<BlakeTwo256, u64>(
[INFO] [stdout]     |                                                      ^^^^^^^^^^^ not found in this scope
[INFO] [stdout] 
[INFO] [stdout] 
[INFO] [stdout] error[E0412]: cannot find type `BlakeTwo256` in this scope
[INFO] [stdout]    --> src/changes_trie/changes_iterator.rs:594:48
[INFO] [stdout]     |
[INFO] [stdout] 575 |     fn proving_drilldown_iterator_works() {
[INFO] [stdout]     |                                        - help: you might be missing a type parameter: `<BlakeTwo256>`
[INFO] [stdout] ...
[INFO] [stdout] 594 |         let local_result = key_changes_proof_check::<BlakeTwo256, u64>(
[INFO] [stdout]     |                                                      ^^^^^^^^^^^ not found in this scope
[INFO] [stdout] 
[INFO] [stdout] 
[INFO] [stdout] error[E0412]: cannot find type `BlakeTwo256` in this scope
[INFO] [stdout]    --> src/changes_trie/changes_iterator.rs:600:54
[INFO] [stdout]     |
[INFO] [stdout] 575 |     fn proving_drilldown_iterator_works() {
[INFO] [stdout]     |                                        - help: you might be missing a type parameter: `<BlakeTwo256>`
[INFO] [stdout] ...
[INFO] [stdout] 600 |         let local_result_child = key_changes_proof_check::<BlakeTwo256, u64>(
[INFO] [stdout]     |                                                            ^^^^^^^^^^^ not found in this scope
[INFO] [stdout] 
[INFO] [stdout] 
[INFO] [stdout] error[E0412]: cannot find type `BlakeTwo256` in this scope
[INFO] [stdout]    --> src/changes_trie/changes_iterator.rs:631:40
[INFO] [stdout]     |
[INFO] [stdout] 610 |     fn drilldown_iterator_works_with_skewed_digest() {
[INFO] [stdout]     |                                                   - help: you might be missing a type parameter: `<BlakeTwo256>`
[INFO] [stdout] ...
[INFO] [stdout] 631 |         let drilldown_result = key_changes::<BlakeTwo256, u64>(
[INFO] [stdout]     |                                              ^^^^^^^^^^^ not found in this scope
[INFO] [stdout] 
[INFO] [stdout] 
[INFO] [stdout] error[E0412]: cannot find type `BlakeTwo256` in this scope
[INFO] [stdout]    --> src/changes_trie/prune.rs:126:25
[INFO] [stdout]     |
[INFO] [stdout] 125 |     fn prune_by_collect(
[INFO] [stdout]     |                        - help: you might be missing a type parameter: `<BlakeTwo256>`
[INFO] [stdout] 126 |         storage: &dyn Storage<BlakeTwo256, u64>,
[INFO] [stdout]     |                               ^^^^^^^^^^^ not found in this scope
[INFO] [stdout] 
[INFO] [stdout] 
[INFO] [stdout] error[E0412]: cannot find type `BlakeTwo256` in this scope
[INFO] [stdout]    --> src/changes_trie/prune.rs:140:43
[INFO] [stdout]     |
[INFO] [stdout] 140 |         fn prepare_storage() -> InMemoryStorage<BlakeTwo256, u64> {
[INFO] [stdout]     |                           -                     ^^^^^^^^^^^ not found in this scope
[INFO] [stdout]     |                           |
[INFO] [stdout]     |                           help: you might be missing a type parameter: `<BlakeTwo256>`
[INFO] [stdout] 
[INFO] [stdout] 
[INFO] [stdout] error[E0412]: cannot find type `BlakeTwo256` in this scope
[INFO] [stdout]    --> src/changes_trie/prune.rs:143:30
[INFO] [stdout]     |
[INFO] [stdout] 140 |         fn prepare_storage() -> InMemoryStorage<BlakeTwo256, u64> {
[INFO] [stdout]     |                           - help: you might be missing a type parameter: `<BlakeTwo256>`
[INFO] [stdout] ...
[INFO] [stdout] 143 |             let mut mdb1 = MemoryDB::<BlakeTwo256>::default();
[INFO] [stdout]     |                                       ^^^^^^^^^^^ not found in this scope
[INFO] [stdout] 
[INFO] [stdout] 
[INFO] [stdout] error[E0412]: cannot find type `BlakeTwo256` in this scope
[INFO] [stdout]    --> src/changes_trie/prune.rs:144:40
[INFO] [stdout]     |
[INFO] [stdout] 140 |         fn prepare_storage() -> InMemoryStorage<BlakeTwo256, u64> {
[INFO] [stdout]     |                           - help: you might be missing a type parameter: `<BlakeTwo256>`
[INFO] [stdout] ...
[INFO] [stdout] 144 |             let root1 = insert_into_memory_db::<BlakeTwo256, _>(
[INFO] [stdout]     |                                                 ^^^^^^^^^^^ not found in this scope
[INFO] [stdout] 
[INFO] [stdout] 
[INFO] [stdout] error[E0412]: cannot find type `BlakeTwo256` in this scope
[INFO] [stdout]    --> src/changes_trie/prune.rs:146:30
[INFO] [stdout]     |
[INFO] [stdout] 140 |         fn prepare_storage() -> InMemoryStorage<BlakeTwo256, u64> {
[INFO] [stdout]     |                           - help: you might be missing a type parameter: `<BlakeTwo256>`
[INFO] [stdout] ...
[INFO] [stdout] 146 |             let mut mdb2 = MemoryDB::<BlakeTwo256>::default();
[INFO] [stdout]     |                                       ^^^^^^^^^^^ not found in this scope
[INFO] [stdout] 
[INFO] [stdout] 
[INFO] [stdout] error[E0412]: cannot find type `BlakeTwo256` in this scope
[INFO] [stdout]    --> src/changes_trie/prune.rs:147:40
[INFO] [stdout]     |
[INFO] [stdout] 140 |         fn prepare_storage() -> InMemoryStorage<BlakeTwo256, u64> {
[INFO] [stdout]     |                           - help: you might be missing a type parameter: `<BlakeTwo256>`
[INFO] [stdout] ...
[INFO] [stdout] 147 |             let root2 = insert_into_memory_db::<BlakeTwo256, _>(
[INFO] [stdout]     |                                                 ^^^^^^^^^^^ not found in this scope
[INFO] [stdout] 
[INFO] [stdout] 
[INFO] [stdout] error[E0412]: cannot find type `BlakeTwo256` in this scope
[INFO] [stdout]    --> src/changes_trie/prune.rs:151:30
[INFO] [stdout]     |
[INFO] [stdout] 140 |         fn prepare_storage() -> InMemoryStorage<BlakeTwo256, u64> {
[INFO] [stdout]     |                           - help: you might be missing a type parameter: `<BlakeTwo256>`
[INFO] [stdout] ...
[INFO] [stdout] 151 |             let mut mdb3 = MemoryDB::<BlakeTwo256>::default();
[INFO] [stdout]     |                                       ^^^^^^^^^^^ not found in this scope
[INFO] [stdout] 
[INFO] [stdout] 
[INFO] [stdout] error[E0412]: cannot find type `BlakeTwo256` in this scope
[INFO] [stdout]    --> src/changes_trie/prune.rs:152:43
[INFO] [stdout]     |
[INFO] [stdout] 140 |         fn prepare_storage() -> InMemoryStorage<BlakeTwo256, u64> {
[INFO] [stdout]     |                           - help: you might be missing a type parameter: `<BlakeTwo256>`
[INFO] [stdout] ...
[INFO] [stdout] 152 |             let ch_root3 = insert_into_memory_db::<BlakeTwo256, _>(
[INFO] [stdout]     |                                                    ^^^^^^^^^^^ not found in this scope
[INFO] [stdout] 
[INFO] [stdout] 
[INFO] [stdout] error[E0412]: cannot find type `BlakeTwo256` in this scope
[INFO] [stdout]    --> src/changes_trie/prune.rs:154:40
[INFO] [stdout]     |
[INFO] [stdout] 140 |         fn prepare_storage() -> InMemoryStorage<BlakeTwo256, u64> {
[INFO] [stdout]     |                           - help: you might be missing a type parameter: `<BlakeTwo256>`
[INFO] [stdout] ...
[INFO] [stdout] 154 |             let root3 = insert_into_memory_db::<BlakeTwo256, _>(&mut mdb3, vec![
[INFO] [stdout]     |                                                 ^^^^^^^^^^^ not found in this scope
[INFO] [stdout] 
[INFO] [stdout] 
[INFO] [stdout] error[E0412]: cannot find type `BlakeTwo256` in this scope
[INFO] [stdout]    --> src/changes_trie/prune.rs:159:30
[INFO] [stdout]     |
[INFO] [stdout] 140 |         fn prepare_storage() -> InMemoryStorage<BlakeTwo256, u64> {
[INFO] [stdout]     |                           - help: you might be missing a type parameter: `<BlakeTwo256>`
[INFO] [stdout] ...
[INFO] [stdout] 159 |             let mut mdb4 = MemoryDB::<BlakeTwo256>::default();
[INFO] [stdout]     |                                       ^^^^^^^^^^^ not found in this scope
[INFO] [stdout] 
[INFO] [stdout] 
[INFO] [stdout] error[E0412]: cannot find type `BlakeTwo256` in this scope
[INFO] [stdout]    --> src/changes_trie/prune.rs:160:40
[INFO] [stdout]     |
[INFO] [stdout] 140 |         fn prepare_storage() -> InMemoryStorage<BlakeTwo256, u64> {
[INFO] [stdout]     |                           - help: you might be missing a type parameter: `<BlakeTwo256>`
[INFO] [stdout] ...
[INFO] [stdout] 160 |             let root4 = insert_into_memory_db::<BlakeTwo256, _>(
[INFO] [stdout]     |                                                 ^^^^^^^^^^^ not found in this scope
[INFO] [stdout] 
[INFO] [stdout] 
[INFO] [stdout] error[E0412]: cannot find type `BlakeTwo256` in this scope
[INFO] [stdout]    --> src/testing.rs:252:37
[INFO] [stdout]     |
[INFO] [stdout] 251 |     fn commit_should_work() {
[INFO] [stdout]     |                          - help: you might be missing a type parameter: `<BlakeTwo256>`
[INFO] [stdout] 252 |         let mut ext = TestExternalities::<BlakeTwo256, u64>::default();
[INFO] [stdout]     |                                           ^^^^^^^^^^^ not found in this scope
[INFO] [stdout] 
[INFO] [stdout] 
[INFO] [stdout] error[E0412]: cannot find type `BlakeTwo256` in this scope
[INFO] [stdout]    --> src/testing.rs:263:37
[INFO] [stdout]     |
[INFO] [stdout] 262 |     fn set_and_retrieve_code() {
[INFO] [stdout]     |                             - help: you might be missing a type parameter: `<BlakeTwo256>`
[INFO] [stdout] 263 |         let mut ext = TestExternalities::<BlakeTwo256, u64>::default();
[INFO] [stdout]     |                                           ^^^^^^^^^^^ not found in this scope
[INFO] [stdout] 
[INFO] [stdout] 
[INFO] [stdout] error[E0412]: cannot find type `BlakeTwo256` in this scope
[INFO] [stdout]    --> src/testing.rs:275:37
[INFO] [stdout]     |
[INFO] [stdout] 273 |     fn check_send() {
[INFO] [stdout]     |                  - help: you might be missing a type parameter: `<BlakeTwo256>`
[INFO] [stdout] 274 |         fn assert_send<T: Send>() {}
[INFO] [stdout] 275 |         assert_send::<TestExternalities::<BlakeTwo256, u64>>();
[INFO] [stdout]     |                                           ^^^^^^^^^^^ not found in this scope
[INFO] [stdout] 
[INFO] [stdout] 
[INFO] [stdout] error[E0412]: cannot find type `BlakeTwo256` in this scope
[INFO] [stdout]    --> src/proving_backend.rs:310:50
[INFO] [stdout]     |
[INFO] [stdout] 309 |     fn test_proving<'a>(
[INFO] [stdout]     |                       - help: you might be missing a type parameter: `, BlakeTwo256`
[INFO] [stdout] 310 |         trie_backend: &'a TrieBackend<PrefixedMemoryDB<BlakeTwo256>,BlakeTwo256>,
[INFO] [stdout]     |                                                        ^^^^^^^^^^^ not found in this scope
[INFO] [stdout] 
[INFO] [stdout] 
[INFO] [stdout] error[E0412]: cannot find type `BlakeTwo256` in this scope
[INFO] [stdout]    --> src/proving_backend.rs:310:63
[INFO] [stdout]     |
[INFO] [stdout] 309 |     fn test_proving<'a>(
[INFO] [stdout]     |                       - help: you might be missing a type parameter: `, BlakeTwo256`
[INFO] [stdout] 310 |         trie_backend: &'a TrieBackend<PrefixedMemoryDB<BlakeTwo256>,BlakeTwo256>,
[INFO] [stdout]     |                                                                     ^^^^^^^^^^^ not found in this scope
[INFO] [stdout] 
[INFO] [stdout] 
[INFO] [stdout] error[E0412]: cannot find type `BlakeTwo256` in this scope
[INFO] [stdout]    --> src/proving_backend.rs:311:43
[INFO] [stdout]     |
[INFO] [stdout] 309 |     fn test_proving<'a>(
[INFO] [stdout]     |                       - help: you might be missing a type parameter: `, BlakeTwo256`
[INFO] [stdout] 310 |         trie_backend: &'a TrieBackend<PrefixedMemoryDB<BlakeTwo256>,BlakeTwo256>,
[INFO] [stdout] 311 |     ) -> ProvingBackend<'a, PrefixedMemoryDB<BlakeTwo256>, BlakeTwo256> {
[INFO] [stdout]     |                                              ^^^^^^^^^^^ not found in this scope
[INFO] [stdout] 
[INFO] [stdout] 
[INFO] [stdout] error[E0412]: cannot find type `BlakeTwo256` in this scope
[INFO] [stdout]    --> src/proving_backend.rs:311:57
[INFO] [stdout]     |
[INFO] [stdout] 309 |     fn test_proving<'a>(
[INFO] [stdout]     |                       - help: you might be missing a type parameter: `, BlakeTwo256`
[INFO] [stdout] 310 |         trie_backend: &'a TrieBackend<PrefixedMemoryDB<BlakeTwo256>,BlakeTwo256>,
[INFO] [stdout] 311 |     ) -> ProvingBackend<'a, PrefixedMemoryDB<BlakeTwo256>, BlakeTwo256> {
[INFO] [stdout]     |                                                            ^^^^^^^^^^^ not found in this scope
[INFO] [stdout] 
[INFO] [stdout] 
[INFO] [stdout] error[E0412]: cannot find type `BlakeTwo256` in this scope
[INFO] [stdout]    --> src/proving_backend.rs:332:45
[INFO] [stdout]     |
[INFO] [stdout] 330 |     fn proof_is_invalid_when_does_not_contains_root() {
[INFO] [stdout]     |                                                    - help: you might be missing a type parameter: `<BlakeTwo256>`
[INFO] [stdout] 331 |         use sp_core::H256;
[INFO] [stdout] 332 |         let result = create_proof_check_backend::<BlakeTwo256>(
[INFO] [stdout]     |                                                   ^^^^^^^^^^^ not found in this scope
[INFO] [stdout] 
[INFO] [stdout] 
[INFO] [stdout] error[E0412]: cannot find type `BlakeTwo256` in this scope
[INFO] [stdout]    --> src/proving_backend.rs:355:37
[INFO] [stdout]     |
[INFO] [stdout] 353 |     fn proof_recorded_and_checked() {
[INFO] [stdout]     |                                  - help: you might be missing a type parameter: `<BlakeTwo256>`
[INFO] [stdout] 354 |         let contents = (0..64).map(|i| (vec![i], Some(vec![i]))).collect::<Vec<_>>();
[INFO] [stdout] 355 |         let in_memory = InMemoryBackend::<BlakeTwo256>::default();
[INFO] [stdout]     |                                           ^^^^^^^^^^^ not found in this scope
[INFO] [stdout] 
[INFO] [stdout] 
[INFO] [stdout] error[E0412]: cannot find type `BlakeTwo256` in this scope
[INFO] [stdout]    --> src/proving_backend.rs:370:50
[INFO] [stdout]     |
[INFO] [stdout] 353 |     fn proof_recorded_and_checked() {
[INFO] [stdout]     |                                  - help: you might be missing a type parameter: `<BlakeTwo256>`
[INFO] [stdout] ...
[INFO] [stdout] 370 |         let proof_check = create_proof_check_backend::<BlakeTwo256>(in_memory_root.into(), proof).unwrap();
[INFO] [stdout]     |                                                        ^^^^^^^^^^^ not found in this scope
[INFO] [stdout] 
[INFO] [stdout] 
[INFO] [stdout] error[E0412]: cannot find type `BlakeTwo256` in this scope
[INFO] [stdout]    --> src/proving_backend.rs:387:37
[INFO] [stdout]     |
[INFO] [stdout] 375 |     fn proof_recorded_and_checked_with_child() {
[INFO] [stdout]     |                                             - help: you might be missing a type parameter: `<BlakeTwo256>`
[INFO] [stdout] ...
[INFO] [stdout] 387 |         let in_memory = InMemoryBackend::<BlakeTwo256>::default();
[INFO] [stdout]     |                                           ^^^^^^^^^^^ not found in this scope
[INFO] [stdout] 
[INFO] [stdout] 
[INFO] [stdout] error[E0412]: cannot find type `BlakeTwo256` in this scope
[INFO] [stdout]    --> src/proving_backend.rs:420:50
[INFO] [stdout]     |
[INFO] [stdout] 375 |     fn proof_recorded_and_checked_with_child() {
[INFO] [stdout]     |                                             - help: you might be missing a type parameter: `<BlakeTwo256>`
[INFO] [stdout] ...
[INFO] [stdout] 420 |         let proof_check = create_proof_check_backend::<BlakeTwo256>(
[INFO] [stdout]     |                                                        ^^^^^^^^^^^ not found in this scope
[INFO] [stdout] 
[INFO] [stdout] 
[INFO] [stdout] error[E0412]: cannot find type `BlakeTwo256` in this scope
[INFO] [stdout]    --> src/proving_backend.rs:434:50
[INFO] [stdout]     |
[INFO] [stdout] 375 |     fn proof_recorded_and_checked_with_child() {
[INFO] [stdout]     |                                             - help: you might be missing a type parameter: `<BlakeTwo256>`
[INFO] [stdout] ...
[INFO] [stdout] 434 |         let proof_check = create_proof_check_backend::<BlakeTwo256>(
[INFO] [stdout]     |                                                        ^^^^^^^^^^^ not found in this scope
[INFO] [stdout] 
[INFO] [stdout] 
[INFO] [stdout] error[E0412]: cannot find type `BlakeTwo256` in this scope
[INFO] [stdout]    --> src/trie_backend.rs:260:36
[INFO] [stdout]     |
[INFO] [stdout] 260 |     fn test_db() -> (PrefixedMemoryDB<BlakeTwo256>, H256) {
[INFO] [stdout]     |               -                       ^^^^^^^^^^^ not found in this scope
[INFO] [stdout]     |               |
[INFO] [stdout]     |               help: you might be missing a type parameter: `<BlakeTwo256>`
[INFO] [stdout] 
[INFO] [stdout] 
[INFO] [stdout] error[E0412]: cannot find type `BlakeTwo256` in this scope
[INFO] [stdout]    --> src/trie_backend.rs:263:36
[INFO] [stdout]     |
[INFO] [stdout] 260 |     fn test_db() -> (PrefixedMemoryDB<BlakeTwo256>, H256) {
[INFO] [stdout]     |               - help: you might be missing a type parameter: `<BlakeTwo256>`
[INFO] [stdout] ...
[INFO] [stdout] 263 |         let mut mdb = PrefixedMemoryDB::<BlakeTwo256>::default();
[INFO] [stdout]     |                                          ^^^^^^^^^^^ not found in this scope
[INFO] [stdout] 
[INFO] [stdout] 
[INFO] [stdout] error[E0412]: cannot find type `BlakeTwo256` in this scope
[INFO] [stdout]    --> src/trie_backend.rs:288:60
[INFO] [stdout]     |
[INFO] [stdout] 288 |     pub(crate) fn test_trie() -> TrieBackend<PrefixedMemoryDB<BlakeTwo256>, BlakeTwo256> {
[INFO] [stdout]     |                            -                                  ^^^^^^^^^^^ not found in this scope
[INFO] [stdout]     |                            |
[INFO] [stdout]     |                            help: you might be missing a type parameter: `<BlakeTwo256>`
[INFO] [stdout] 
[INFO] [stdout] 
[INFO] [stdout] error[E0412]: cannot find type `BlakeTwo256` in this scope
[INFO] [stdout]    --> src/trie_backend.rs:288:74
[INFO] [stdout]     |
[INFO] [stdout] 288 |     pub(crate) fn test_trie() -> TrieBackend<PrefixedMemoryDB<BlakeTwo256>, BlakeTwo256> {
[INFO] [stdout]     |                            -                                                ^^^^^^^^^^^ not found in this scope
[INFO] [stdout]     |                            |
[INFO] [stdout]     |                            help: you might be missing a type parameter: `<BlakeTwo256>`
[INFO] [stdout] 
[INFO] [stdout] 
[INFO] [stdout] error[E0412]: cannot find type `BlakeTwo256` in this scope
[INFO] [stdout]    --> src/trie_backend.rs:319:42
[INFO] [stdout]     |
[INFO] [stdout] 318 |     fn pairs_are_empty_on_empty_storage() {
[INFO] [stdout]     |                                        - help: you might be missing a type parameter: `<BlakeTwo256>`
[INFO] [stdout] 319 |         assert!(TrieBackend::<PrefixedMemoryDB<BlakeTwo256>, BlakeTwo256>::new(
[INFO] [stdout]     |                                                ^^^^^^^^^^^ not found in this scope
[INFO] [stdout] 
[INFO] [stdout] 
[INFO] [stdout] error[E0412]: cannot find type `BlakeTwo256` in this scope
[INFO] [stdout]    --> src/trie_backend.rs:319:56
[INFO] [stdout]     |
[INFO] [stdout] 318 |     fn pairs_are_empty_on_empty_storage() {
[INFO] [stdout]     |                                        - help: you might be missing a type parameter: `<BlakeTwo256>`
[INFO] [stdout] 319 |         assert!(TrieBackend::<PrefixedMemoryDB<BlakeTwo256>, BlakeTwo256>::new(
[INFO] [stdout]     |                                                              ^^^^^^^^^^^ not found in this scope
[INFO] [stdout] 
[INFO] [stdout] 
[INFO] [stdout] error[E0412]: cannot find type `BlakeTwo256` in this scope
[INFO] [stdout]    --> src/lib.rs:966:46
[INFO] [stdout]     |
[INFO] [stdout] 944 |     fn prove_execution_and_proof_check_works() {
[INFO] [stdout]     |                                             - help: you might be missing a type parameter: `<BlakeTwo256>`
[INFO] [stdout] ...
[INFO] [stdout] 966 |         let local_result = execution_proof_check::<BlakeTwo256, u64, _, _>(
[INFO] [stdout]     |                                                    ^^^^^^^^^^^ not found in this scope
[INFO] [stdout] 
[INFO] [stdout] 
[INFO] [stdout] error[E0412]: cannot find type `BlakeTwo256` in this scope
[INFO] [stdout]    --> src/lib.rs:990:37
[INFO] [stdout]     |
[INFO] [stdout] 983 |     fn clear_prefix_in_ext_works() {
[INFO] [stdout]     |                                 - help: you might be missing a type parameter: `<BlakeTwo256>`
[INFO] [stdout] ...
[INFO] [stdout] 990 |         let mut state = InMemoryBackend::<BlakeTwo256>::from(initial);
[INFO] [stdout]     |                                           ^^^^^^^^^^^ not found in this scope
[INFO] [stdout] 
[INFO] [stdout] 
[INFO] [stdout] error[E0412]: cannot find type `BlakeTwo256` in this scope
[INFO] [stdout]     --> src/lib.rs:1034:32
[INFO] [stdout]      |
[INFO] [stdout] 1031 |     fn set_child_storage_works() {
[INFO] [stdout]      |                               - help: you might be missing a type parameter: `<BlakeTwo256>`
[INFO] [stdout] ...
[INFO] [stdout] 1034 |         let mut state = new_in_mem::<BlakeTwo256>();
[INFO] [stdout]      |                                      ^^^^^^^^^^^ not found in this scope
[INFO] [stdout] 
[INFO] [stdout] 
[INFO] [stdout] error[E0412]: cannot find type `BlakeTwo256` in this scope
[INFO] [stdout]     --> src/lib.rs:1081:32
[INFO] [stdout]      |
[INFO] [stdout] 1073 |     fn append_storage_works() {
[INFO] [stdout]      |                            - help: you might be missing a type parameter: `<BlakeTwo256>`
[INFO] [stdout] ...
[INFO] [stdout] 1081 |         let mut state = new_in_mem::<BlakeTwo256>();
[INFO] [stdout]      |                                      ^^^^^^^^^^^ not found in this scope
[INFO] [stdout] 
[INFO] [stdout] 
[INFO] [stdout] error[E0412]: cannot find type `BlakeTwo256` in this scope
[INFO] [stdout]     --> src/lib.rs:1146:32
[INFO] [stdout]      |
[INFO] [stdout] 1139 |     fn remove_with_append_then_rollback_appended_then_append_again() {
[INFO] [stdout]      |                                                                   - help: you might be missing a type parameter: `<BlakeTwo256>`
[INFO] [stdout] ...
[INFO] [stdout] 1146 |         let mut state = new_in_mem::<BlakeTwo256>();
[INFO] [stdout]      |                                      ^^^^^^^^^^^ not found in this scope
[INFO] [stdout] 
[INFO] [stdout] 
[INFO] [stdout] error[E0412]: cannot find type `BlakeTwo256` in this scope
[INFO] [stdout]     --> src/lib.rs:1243:42
[INFO] [stdout]      |
[INFO] [stdout] 1235 |     fn prove_read_and_proof_check_works() {
[INFO] [stdout]      |                                        - help: you might be missing a type parameter: `<BlakeTwo256>`
[INFO] [stdout] ...
[INFO] [stdout] 1243 |         let local_result1 = read_proof_check::<BlakeTwo256, _>(
[INFO] [stdout]      |                                                ^^^^^^^^^^^ not found in this scope
[INFO] [stdout] 
[INFO] [stdout] 
[INFO] [stdout] error[E0412]: cannot find type `BlakeTwo256` in this scope
[INFO] [stdout]     --> src/lib.rs:1248:42
[INFO] [stdout]      |
[INFO] [stdout] 1235 |     fn prove_read_and_proof_check_works() {
[INFO] [stdout]      |                                        - help: you might be missing a type parameter: `<BlakeTwo256>`
[INFO] [stdout] ...
[INFO] [stdout] 1248 |         let local_result2 = read_proof_check::<BlakeTwo256, _>(
[INFO] [stdout]      |                                                ^^^^^^^^^^^ not found in this scope
[INFO] [stdout] 
[INFO] [stdout] 
[INFO] [stdout] error[E0412]: cannot find type `BlakeTwo256` in this scope
[INFO] [stdout]     --> src/lib.rs:1267:48
[INFO] [stdout]      |
[INFO] [stdout] 1235 |     fn prove_read_and_proof_check_works() {
[INFO] [stdout]      |                                        - help: you might be missing a type parameter: `<BlakeTwo256>`
[INFO] [stdout] ...
[INFO] [stdout] 1267 |         let local_result1 = read_child_proof_check::<BlakeTwo256, _>(
[INFO] [stdout]      |                                                      ^^^^^^^^^^^ not found in this scope
[INFO] [stdout] 
[INFO] [stdout] 
[INFO] [stdout] error[E0412]: cannot find type `BlakeTwo256` in this scope
[INFO] [stdout]     --> src/lib.rs:1273:48
[INFO] [stdout]      |
[INFO] [stdout] 1235 |     fn prove_read_and_proof_check_works() {
[INFO] [stdout]      |                                        - help: you might be missing a type parameter: `<BlakeTwo256>`
[INFO] [stdout] ...
[INFO] [stdout] 1273 |         let local_result2 = read_child_proof_check::<BlakeTwo256, _>(
[INFO] [stdout]      |                                                      ^^^^^^^^^^^ not found in this scope
[INFO] [stdout] 
[INFO] [stdout] 
[INFO] [stdout] error[E0412]: cannot find type `BlakeTwo256` in this scope
[INFO] [stdout]     --> src/lib.rs:1332:37
[INFO] [stdout]      |
[INFO] [stdout] 1327 |     fn set_storage_empty_allowed() {
[INFO] [stdout]      |                                 - help: you might be missing a type parameter: `<BlakeTwo256>`
[INFO] [stdout] ...
[INFO] [stdout] 1332 |         let mut state = InMemoryBackend::<BlakeTwo256>::from(initial);
[INFO] [stdout]      |                                           ^^^^^^^^^^^ not found in this scope
[INFO] [stdout] 
[INFO] [stdout] 
[INFO] [stdout] error[E0277]: `NonNull<u8>` cannot be sent between threads safely
[INFO] [stdout]    --> src/testing.rs:275:3
[INFO] [stdout]     |
[INFO] [stdout] 274 |         fn assert_send<T: Send>() {}
[INFO] [stdout]     |                           ---- required by this bound in `assert_send`
[INFO] [stdout] 275 |         assert_send::<TestExternalities::<BlakeTwo256, u64>>();
[INFO] [stdout]     |         ^^^^^^^^^^^^^^^^^^^^^^^^^^^^^^^^^^^^^^^^^^^^^^^^^^^^ `NonNull<u8>` cannot be sent between threads safely
[INFO] [stdout]     |
[INFO] [stdout]     = help: within `testing::TestExternalities<[type error]>`, the trait `Send` is not implemented for `NonNull<u8>`
[INFO] [stdout]     = note: required because it appears within the type `hashbrown::raw::RawTable<(u64, [type error])>`
[INFO] [stdout]     = note: required because it appears within the type `hashbrown::map::HashMap<u64, [type error], RandomState>`
[INFO] [stdout]     = note: required because it appears within the type `std::collections::HashMap<u64, [type error]>`
[INFO] [stdout]     = note: required because it appears within the type `build_cache::BuildCache<[type error], u64>`
[INFO] [stdout]     = note: required because it appears within the type `InMemoryStorage<[type error], u64>`
[INFO] [stdout]     = note: required because it appears within the type `testing::TestExternalities<[type error]>`
[INFO] [stdout] 
[INFO] [stdout] 
[INFO] [stdout] warning: unused import: `crate::backend::Backend`
[INFO] [stdout]    --> src/in_memory_backend.rs:215:6
[INFO] [stdout]     |
[INFO] [stdout] 215 |     use crate::backend::Backend;
[INFO] [stdout]     |         ^^^^^^^^^^^^^^^^^^^^^^^
[INFO] [stdout]     |
[INFO] [stdout]     = note: `#[warn(unused_imports)]` on by default
[INFO] [stdout] 
[INFO] [stdout] 
[INFO] [stdout] warning: unused import: `traits::Externalities`
[INFO] [stdout]    --> src/testing.rs:246:22
[INFO] [stdout]     |
[INFO] [stdout] 246 |     use sp_core::{H256, traits::Externalities};
[INFO] [stdout]     |                         ^^^^^^^^^^^^^^^^^^^^^
[INFO] [stdout] 
[INFO] [stdout] 
[INFO] [stdout] error: aborting due to 139 previous errors; 2 warnings emitted
[INFO] [stdout] 
[INFO] [stdout] 
[INFO] [stdout] Some errors have detailed explanations: E0277, E0412, E0432, E0433.
[INFO] [stdout] 
[INFO] [stdout] For more information about an error, try `rustc --explain E0277`.
[INFO] [stdout] 
[INFO] [stderr] error: could not compile `sp-state-machine`.
[INFO] [stderr] 
[INFO] [stderr] To learn more, run the command again with --verbose.
[INFO] running `Command { std: "docker" "inspect" "c69a36b38e68bd32d71c7e8da8d8c7b7c67d9907924c4ca71b2ed6aa348452c4", kill_on_drop: false }`
[INFO] running `Command { std: "docker" "rm" "-f" "c69a36b38e68bd32d71c7e8da8d8c7b7c67d9907924c4ca71b2ed6aa348452c4", kill_on_drop: false }`
[INFO] [stdout] c69a36b38e68bd32d71c7e8da8d8c7b7c67d9907924c4ca71b2ed6aa348452c4
